62778 is divided by 137.
136
What is the remainder when 913351 is divided by 1067?
1066
What is the remainder when 1452257 is divided by 123?
119
Calculate the remainder when 1342792 is divided by 489.
487
Calculate the remainder when 11312 is divided by 241.
226
What is the remainder when 36403 is divided by 7268?
63
What is the remainder when 222791 is divided by 19?
16
What is the remainder when 93727 is divided by 14?
11
Calculate the remainder when 274 is divided by 225.
49
Calculate the remainder when 5872 is divided by 113.
109
What is the remainder when 355460 is divided by 47?
46
What is the remainder when 16629 is divided by 33?
30
What is the remainder when 26417 is divided by 26405?
12
Calculate the remainder when 61646 is divided by 50.
46
Calculate the remainder when 4993 is divided by 2363.
267
Calculate the remainder when 11106 is divided by 3694.
24
What is the remainder when 6163 is divided by 1646?
1225
Calculate the remainder when 4939598 is divided by 521.
518
Calculate the remainder when 610 is divided by 555.
55
Calculate the remainder when 5301 is divided by 49.
9
Calculate the remainder when 35489 is divided by 809.
702
What is the remainder when 11748 is divided by 197?
125
Calculate the remainder when 52700 is divided by 32.
28
Calculate the remainder when 12620 is divided by 627.
80
Calculate the remainder when 27169 is divided by 9052.
13
What is the remainder when 2885 is divided by 1284?
317
Calculate the remainder when 60304 is divided by 5023.
28
What is the remainder when 421112 is divided by 30079?
6
Calculate the remainder when 9167 is divided by 218.
11
Calculate the remainder when 5591 is divided by 1836.
83
Calculate the remainder when 1416 is divided by 444.
84
Calculate the remainder when 998 is divided by 20.
18
What is the remainder when 624 is divided by 363?
261
What is the remainder when 5524 is divided by 322?
50
Calculate the remainder when 1228 is divided by 568.
92
Calculate the remainder when 31629 is divided by 15.
9
Calculate the remainder when 90143 is divided by 1639.
1637
Calculate the remainder when 629670 is divided by 298.
294
Calculate the remainder when 2523 is divided by 627.
15
What is the remainder when 31425 is divided by 5233?
27
Calculate the remainder when 53373 is divided by 26667.
39
What is the remainder when 3800 is divided by 2399?
1401
Calculate the remainder when 16695 is divided by 1634.
355
Calculate the remainder when 68583 is divided by 316.
11
Calculate the remainder when 1801 is divided by 67.
59
What is the remainder when 119064 is divided by 25?
14
What is the remainder when 15942 is divided by 23?
3
What is the remainder when 2301 is divided by 1110?
81
Calculate the remainder when 2936 is divided by 428.
368
What is the remainder when 12949 is divided by 920?
69
Calculate the remainder when 1035 is divided by 506.
23
What is the remainder when 81918 is divided by 320?
318
Calculate the remainder when 2497418 is divided by 31.
27
What is the remainder when 36980 is divided by 90?
80
What is the remainder when 517984 is divided by 687?
673
Calculate the remainder when 17032 is divided by 4242.
64
What is the remainder when 3728 is divided by 594?
164
Calculate the remainder when 14964 is divided by 7286.
392
Calculate the remainder when 1715 is divided by 100.
15
Calculate the remainder when 671 is divided by 192.
95
What is the remainder when 4935230 is divided by 21?
20
Calculate the remainder when 921 is divided by 611.
310
What is the remainder when 67985 is divided by 24?
17
What is the remainder when 14299 is divided by 1123?
823
Calculate the remainder when 39203 is divided by 1152.
35
What is the remainder when 4040 is divided by 12?
8
Calculate the remainder when 185138 is divided by 523.
519
Calculate the remainder when 79549 is divided by 533.
132
Calculate the remainder when 15780 is divided by 451.
446
What is the remainder when 14062 is divided by 938?
930
What is the remainder when 18206 is divided by 6?
2
What is the remainder when 5084 is divided by 424?
420
What is the remainder when 69260 is divided by 69259?
1
What is the remainder when 23851 is divided by 1703?
9
What is the remainder when 1153596 is divided by 32?
28
What is the remainder when 425741 is divided by 106433?
9
What is the remainder when 20476 is divided by 5101?
72
What is the remainder when 3983 is divided by 4?
3
What is the remainder when 22945 is divided by 46?
37
Calculate the remainder when 2230 is divided by 386.
300
Calculate the remainder when 8252 is divided by 21.
20
Calculate the remainder when 20764 is divided by 104.
68
Calculate the remainder when 666874 is divided by 357.
355
What is the remainder when 13338 is divided by 48?
42
What is the remainder when 5494 is divided by 1272?
406
What is the remainder when 582 is divided by 83?
1
What is the remainder when 1329464 is divided by 5?
4
What is the remainder when 10012 is divided by 277?
40
Calculate the remainder when 126697 is divided by 80.
57
Calculate the remainder when 3455 is divided by 75.
5
What is the remainder when 11660535 is divided by 11?
7
What is the remainder when 6228 is divided by 3?
0
What is the remainder when 19155 is divided by 62?
59
Calculate the remainder when 1135474 is divided by 51.
10
What is the remainder when 90932 is divided by 30308?
8
Calculate the remainder when 9744 is divided by 335.
29
Calculate the remainder when 3133 is divided by 116.
1
Calculate the remainder when 22176 is divided by 3.
0
What is the remainder when 19793 is divided by 508?
489
Calculate the remainder when 9644 is divided by 1056.
140
What is the remainder when 6142 is divided by 79?
59
Calculate the remainder when 17807 is divided by 5869.
200
Calculate the remainder when 209 is divided by 31.
23
Calculate the remainder when 462629 is divided by 13.
11
What is the remainder when 128583 is divided by 128571?
12
What is the remainder when 432946 is divided by 436?
434
What is the remainder when 94164 is divided by 703?
665
What is the remainder when 4183 is divided by 2088?
7
Calculate the remainder when 15654 is divided by 69.
60
What is the remainder when 98762 is divided by 65?
27
Calculate the remainder when 288281 is divided by 16.
9
Calculate the remainder when 1300 is divided by 322.
12
Calculate the remainder when 1583 is divided by 60.
23
What is the remainder when 286 is divided by 12?
10
What is the remainder when 753626 is divided by 283?
280
Calculate the remainder when 268673 is divided by 72.
41
What is the remainder when 215287 is divided by 390?
7
Calculate the remainder when 128733 is divided by 144.
141
Calculate the remainder when 110 is divided by 22.
0
What is the remainder when 186440 is divided by 29?
28
What is the remainder when 5330 is divided by 333?
2
What is the remainder when 40526 is divided by 494?
18
Calculate the remainder when 769 is divided by 18.
13
What is the remainder when 260848 is divided by 30?
28
What is the remainder when 3263 is divided by 61?
30
Calculate the remainder when 3888894 is divided by 580.
574
What is the remainder when 126903 is divided by 78?
75
Calculate the remainder when 2790 is divided by 171.
54
What is the remainder when 3868 is divided by 4?
0
What is the remainder when 451269 is divided by 12?
9
Calculate the remainder when 8526 is divided by 609.
0
Calculate the remainder when 5679 is divided by 142.
141
Calculate the remainder when 2755 is divided by 744.
523
Calculate the remainder when 10461 is divided by 1046.
1
What is the remainder when 14928 is divided by 65?
43
Calculate the remainder when 5217 is divided by 765.
627
Calculate the remainder when 461 is divided by 213.
35
Calculate the remainder when 612577 is divided by 20.
17
Calculate the remainder when 3063035 is divided by 256.
251
What is the remainder when 729379 is divided by 20?
19
What is the remainder when 87964 is divided by 32?
28
Calculate the remainder when 7470 is divided by 17.
7
What is the remainder when 7215 is divided by 1440?
15
Calculate the remainder when 6650 is divided by 554.
2
What is the remainder when 87054 is divided by 141?
57
Calculate the remainder when 51858 is divided by 879.
876
What is the remainder when 529 is divided by 360?
169
What 